2
Calculate the remainder when 45 is divided by 28.
17
What is the remainder when 11693 is divided by 68?
65
Calculate the remainder when 1377 is divided by 279.
261
Calculate the remainder when 34169 is divided by 170.
169
Calculate the remainder when 239 is divided by 30.
29
What is the remainder when 630 is divided by 91?
84
Calculate the remainder when 1597 is divided by 1588.
9
What is the remainder when 500 is divided by 15?
5
What is the remainder when 305 is divided by 113?
79
Calculate the remainder when 957 is divided by 60.
57
Calculate the remainder when 345 is divided by 29.
26
Calculate the remainder when 6128 is divided by 9.
8
Calculate the remainder when 2371 is divided by 391.
25
Calculate the remainder when 4076 is divided by 102.
98
What is the remainder when 833 is divided by 10?
3
What is the remainder when 547 is divided by 278?
269
Calculate the remainder when 102 is divided by 22.
14
What is the remainder when 83 is divided by 29?
25
Calculate the remainder when 7768 is divided by 74.
72
Calculate the remainder when 2226 is divided by 371.
0
What is the remainder when 259 is divided by 155?
104
What is the remainder when 155 is divided by 26?
25
What is the remainder when 127 is divided by 44?
39
What is the remainder when 4900 is divided by 1630?
10
Calculate the remainder when 1435 is divided by 80.
75
What is the remainder when 563 is divided by 181?
20
What is the remainder when 227 is divided by 29?
24
Calculate the remainder when 91 is divided by 16.
11
What is the remainder when 372 is divided by 93?
0
Calculate the remainder when 12552 is divided by 292.
288
What is the remainder when 211 is divided by 61?
28
Calculate the remainder when 407 is divided by 12.
11
Calculate the remainder when 429 is divided by 40.
29
Calculate the remainder when 212 is divided by 11.
3
What is the remainder when 411 is divided by 130?
21
Calculate the remainder when 10 is divided by 9.
1
Calculate the remainder when 95 is divided by 43.
9
What is the remainder when 928 is divided by 33?
4
Calculate the remainder when 147 is divided by 25.
22
Calculate the remainder when 166 is divided by 34.
30
Calculate the remainder when 145 is divided by 51.
43
What is the remainder when 895 is divided by 12?
7
What is the remainder when 390 is divided by 184?
22
Calculate the remainder when 213 is divided by 76.
61
What is the remainder when 1064 is divided by 1064?
0
What is the remainder when 1140 is divided by 72?
60
Calculate the remainder when 240 is divided by 94.
52
What is the remainder when 5854 is divided by 22?
2
Calculate the remainder when 4622 is divided by 69.
68
What is the remainder when 534 is divided by 168?
30
What is the remainder when 61 is divided by 9?
7
What is the remainder when 264 is divided by 251?
13
What is the remainder when 2753 is divided by 13?
10
Calculate the remainder when 10154 is divided by 4.
2
Calculate the remainder when 277 is divided by 74.
55
Calculate the remainder when 89 is divided by 4.
1
What is the remainder when 277 is divided by 9?
7
What is the remainder when 54 is divided by 33?
21
What is the remainder when 158 is divided by 12?
2
Calculate the remainder when 321 is divided by 23.
22
What is the remainder when 362 is divided by 110?
32
Calculate the remainder when 3337 is divided by 152.
145
What is the remainder when 1367 is divided by 107?
83
Calculate the remainder when 1633 is divided by 26.
21
What is the remainder when 263 is divided by 65?
3
Calculate the remainder when 110 is divided by 4.
2
Calculate the remainder when 148 is divided by 50.
48
Calculate the remainder when 5124 is divided by 27.
21
What is the remainder when 497 is divided by 25?
22
Calculate the remainder when 179 is divided by 9.
8
What is the remainder when 1846 is divided by 63?
19
What is the remainder when 470 is divided by 102?
62
Calculate the remainder when 905 is divided by 214.
49
What is the remainder when 227 is divided by 26?
19
What is the remainder when 57 is divided by 7?
1
What is the remainder when 158 is divided by 60?
38
Calculate the remainder when 143 is divided by 27.
8
What is the remainder when 2107 is divided by 232?
19
What is the remainder when 139 is divided by 35?
34
What is the remainder when 211 is divided by 57?
40
What is the remainder when 1101 is divided by 58?
57
Calculate the remainder when 176 is divided by 36.
32
What is the remainder when 476 is divided by 236?
4
What is the remainder when 239 is divided by 48?
47
Calculate the remainder when 1567 is divided by 77.
27
Calculate the remainder when 1416 is divided by 44.
8
What is the remainder when 29 is divided by 10?
9
What is the remainder when 1947 is divided by 65?
62
Calculate the remainder when 278 is divided by 145.
133
What is the remainder when 368 is divided by 264?
104
What is the remainder when 367 is divided by 140?
87
Calculate the remainder when 148 is divided by 41.
25
Calculate the remainder when 180 is divided by 46.
42
What is the remainder when 218 is divided by 76?
66
Calculate the remainder when 19260 is divided by 103.
102
Calculate the remainder when 214 is divided by 60.
34
What is the remainder when 965 is divided by 16?
5
What is the remainder when 395 is divided by 22?
21
What is the remainder when 1494 is divided by 29?
15
Calculate the remainder when 7434 is divided by 201.
198
Calculate the remainder when 528 is divided by 42.
24
What is the remainder when 39 is divided by 20?
19
Calculate the remainder when 898 is divided by 180.
178
Calculate the remainder when 204 is divided by 24.
12
What is the remainder when 1261 is divided by 310?
21
Calculate the remainder when 338 is divided by 318.
20
What is the remainder when 172 is divided by 14?
4
What is the remainder when 132 is divided by 40?
12
Calculate the remainder when 1077 is divided by 158.
129
Calculate the remainder when 90 is divided by 49.
41
What is the remainder when 268 is divided by 13?
8
What is the remainder when 16485 is divided by 229?
226
What is the remainder when 3019 is divided by 1001?
16
Calculate the remainder when 10762 is divided by 26.
24
What is the remainder when 483 is divided by 62?
49
What is the remainder when 445 is divided by 56?
53
What is the remainder when 317 is divided by 96?
29
Calculate the remainder when 274 is divided by 68.
2
What is the remainder when 551 is divided by 71?
54
Calculate the remainder when 192 is divided by 20.
12
Calculate the remainder when 582 is divided by 13.
10
Calculate the remainder when 158 is divided by 10.
8
Calculate the remainder when 1081 is divided by 360.
1
What is the remainder when 462 is divided by 462?
0
Calculate the remainder when 98 is divided by 17.
13
Calculate the remainder when 437 is divided by 14.
3
What is the remainder when 911 is divided by 105?
71
Calculate the remainder when 37694 is divided by 359.
358
Calculate the remainder when 576 is divided by 194.
188
Calculate the remainder when 11848 is divided by 150.
148
Calculate the remainder when 138 is divided by 71.
67
What is the remainder when 193 is divided by 25?
18
What is the remainder when 23211 is divided by 73?
70
What is the remainder when 5350 is divided by 90?
40
What is the remainder when 4478 is divided by 20?
18
Calculate the remainder when 36 is divided by 9.
0
What is the remainder when 2261 is divided by 160?
21
Calculate the remainder when 2014 is divided by 43.
36
Calculate the remainder when 447 is divided by 75.
72
What is the remainder when 30168 is divided by 94?
88
Calculate the remainder when 76 is divided by 20.
16
What is the remainder when 933 is divided by 156?
153
What is the remainder when 136 is divided by 13?
6
What is the remainder when 101 is divided by 52?
49
Calculate the remainder when 2530 is divided by 2.
0
Calculate the remainder when 389 is divided by 23.
21
Calculate the remainder when 1978 is divided by 110.
108
Calculate the remainder when 91 is divided by 36.
19
Calculate the remainder when 102 is divided by 35.
32
What is the remainder when 718 is divided by 345?
28
Calculate the remainder when 130 is divided by 8.
2
What is the remainder when 19 is divided by 13?
6
What is the remainder when 5091 is divided by 66?
9
What is the remainder when 